NOAA-Style Climate Reports


Report for 2022 May
                   Monthly Climatological Summary for May 2022

Name: The Farm   City: Fairfield   State: KY
Elevation: 716 ft  Lat: N 37° 56' 02"   Lon: W 085° 23' 17"

                  Temperature (°F), Rain (in), Wind Speed (mph)

                                      Heat  Cool        Avg
    Mean                              Deg   Deg         Wind                 Dom
Day Temp  High   Time   Low    Time   Days  Days  Rain  Speed High   Time    Dir
----------------------------------------------------------------------------------
01  68.1  77.0   15:40  54.5   23:14   1.4   4.5  0.20   0.8  14.0   03:58   SSW
02  64.2  80.3   13:25  45.0   07:05   5.9   5.1  0.00   0.0   3.0   14:29     N
03  69.6  81.7   12:50  61.2   06:50   0.5   5.1  0.44   0.7  12.0   13:30   SSW
04  59.1  65.9   00:00  55.6   04:40   5.9   0.0  0.00   0.0   3.0   00:30     N
05  63.8  75.9   16:17  50.3   05:57   4.1   3.0  0.00   0.1   6.0   09:13   SSW
06  66.8  77.7   13:00  58.2   23:56   0.9   2.7  0.32   0.0   5.0   08:55   SSW
07  55.5  58.8   17:09  52.0   09:52   9.5   0.0  0.03   0.0   8.0   17:06   SSW
08  59.8  71.1   15:12  47.8   06:31   6.3   1.1  0.00   0.2   8.0   08:10   SSW
09  66.5  81.1   15:11  51.3   06:14   4.2   5.7  0.00   0.4  11.0   16:36   SSW
10  70.9  84.4   15:39  58.2   06:45   1.5   7.4  0.00   0.3   6.0   11:10   SSW
11  73.9  92.0   15:44  63.9   23:57   0.0   9.0  0.00   0.0   4.0   14:56     N
12  70.8  86.1   15:34  53.0   06:40   2.4   8.2  0.00   0.1   7.0   16:09   SSW
13  72.3  85.6   14:12  56.9   06:14   1.6   8.9  0.00   0.0  10.0   16:54   SSW
14  70.5  84.3   14:36  60.8   06:23   0.9   6.4  0.03   0.0   5.0   17:52   SSW
15  71.5  84.9   15:28  56.7   06:45   1.5   8.0  0.00   0.0   3.0   00:26   SSW
----------------------------------------------------------------------------------
    66.9  92.0    11    45.0     2    46.6  75.1  1.02   0.2  14.0     1     SSW

Max >=  90.0  1
Max <=  32.0  0
Min <=  32.0  0
Min <=   0.0  0
Max Rain: 0.44 on day 3
Days of Rain: 3 (>= 0.20 in)  0 (>= 2.00 in)  0 (>= 20.00 in)
Heat Base: 65.0  Cool Base: 65.0  Method: Integration