NOAA-Style Climate Reports


Report for 2024 April
                   Monthly Climatological Summary for Apr 2024

Name: The Farm   City: Fairfield   State: KY
Elevation: 709 ft  Lat: N 37° 56' 02"   Lon: W 085° 23' 18"

                  Temperature (°F), Rain (in), Wind Speed (mph)

                                      Heat  Cool        Avg
    Mean                              Deg   Deg         Wind                 Dom
Day Temp  High   Time   Low    Time   Days  Days  Rain  Speed High   Time    Dir
----------------------------------------------------------------------------------
01  70.8  79.2   14:32  66.0   00:03   0.0   5.8  0.00   1.2   9.0   20:13   SSW
02  66.1  75.0   15:41  53.5   23:59   1.9   3.0  1.45   2.3  20.0   14:04   SSW
03  45.6  55.1   14:39  38.9   22:31  19.4   0.0  0.00   1.6  15.0   15:16   SSW
04  39.9  45.7   16:23  36.0   02:18  25.1   0.0  0.07   1.0  10.0   01:10   SSW
05  41.6  48.5   17:36  35.9   00:55  23.4   0.0  0.00   0.4   6.0   12:45   SSW
06  44.5  59.5   17:26  28.9   07:02  20.5   0.0  0.00   0.4   8.0   13:50   SSW
07  53.9  70.2   17:21  36.8   07:23  11.9   0.8  0.00   0.7  11.0   15:16   SSW
08  64.2  76.2   12:47  52.7   05:22   3.4   2.6  0.00   1.3  12.0   14:10   SSW
09  59.8  61.7   10:08  56.4   23:53   5.2   0.0  0.09   0.7   9.0   14:05   SSW
10  60.5  68.0   14:44  55.7   00:22   4.7   0.1  1.42   0.8  11.0   15:29   SSW
11  59.1  66.3   15:56  51.6   21:54   5.9   0.0  1.33   0.8  13.0   19:36   SSW
12  51.7  60.6   18:43  47.5   13:46  13.3   0.0  0.09   1.2  11.0   12:47   SSW
13  56.6  73.0   16:27  39.4   07:21   9.9   1.4  0.00   0.4   8.0   12:30   SSW
14  68.9  82.7   15:33  55.1   00:06   2.8   6.7  0.00   1.3  14.0   17:12   SSW
15  72.3  86.0   17:10  60.0   06:50   1.1   8.4  0.00   0.3   7.0   16:00   SSW
16  72.5  82.9   16:26  62.6   06:51   0.3   7.8  0.00   1.3  12.0   12:24   SSW
----------------------------------------------------------------------------------
    58.0  86.0    15    28.9     6   148.8  36.6  4.45   1.0  20.0     2     SSW

Max >=  90.0  0
Max <=  32.0  0
Min <=  32.0  1
Min <=   0.0  0
Max Rain: 1.45 on day 2
Days of Rain: 3 (>= 0.20 in)  0 (>= 2.00 in)  0 (>= 20.00 in)
Heat Base: 65.0  Cool Base: 65.0  Method: Integration