NOAA-Style Climate Reports


Report for 2023 January
                   Monthly Climatological Summary for Jan 2023

Name: The Farm   City: Fairfield   State: KY
Elevation: 716 ft  Lat: N 37° 56' 01"   Lon: W 085° 23' 17"

                  Temperature (°F), Rain (in), Wind Speed (mph)

                                      Heat  Cool        Avg
    Mean                              Deg   Deg         Wind                 Dom
Day Temp  High   Time   Low    Time   Days  Days  Rain  Speed High   Time    Dir
----------------------------------------------------------------------------------
01  47.7  57.2   16:16  37.0   00:03  17.4   0.0  0.01   0.3   5.0   15:10   SSW
02  56.4  63.4   13:08  47.1   01:18   8.6   0.0  0.24   0.5   9.0   22:16   SSW
03  59.2  62.4   07:40  53.6   22:04   5.8   0.0  4.56   1.6  15.0   08:13   SSW
04  55.1  60.9   12:36  40.5   23:58   9.9   0.0  0.01   1.8  14.0   11:51   SSW
05  41.0  51.2   14:52  31.9   04:00  24.0   0.0  0.00   1.9  12.0   15:36   SSW
06  36.2  46.5   16:10  28.2   07:52  28.8   0.0  0.00   0.6   7.0   10:51   SSW
07  40.1  51.4   14:19  29.2   08:22  24.9   0.0  0.00   0.3   6.0   19:59   SSW
08  39.5  41.8   13:04  36.6   23:04  25.5   0.0  0.00   0.4   8.0   17:18   SSW
09  37.2  46.8   16:11  29.9   23:35  27.8   0.0  0.00   0.4   5.0   11:04   SSW
10  39.8  54.5   16:10  28.5   01:35  25.2   0.0  0.00   0.7  10.0   11:56   SSW
11  49.6  59.3   16:05  35.8   00:22  15.4   0.0  0.01   0.9   9.0   10:56   SSW
12  52.1  61.0   08:00  38.8   23:54  12.9   0.0  0.54   2.2  16.0   08:47   SSW
13  35.4  39.0   00:15  30.7   21:15  29.6   0.0  0.00   2.0  13.0   00:54   SSW
14  30.9  36.5   14:40  22.8   23:38  34.1   0.0  0.01   0.8   8.0   14:16   SSW
15  31.7  45.4   16:18  20.6   05:37  33.2   0.0  0.00   0.3   7.0   11:53   SSW
16  40.6  52.9   23:55  27.8   04:53  24.4   0.0  0.23   1.7  11.0   13:24   SSW
17  55.2  64.1   14:53  45.1   20:16   9.8   0.0  0.04   2.0  12.0   12:20   SSW
18  45.8  61.2   23:05  33.9   06:19  19.2   0.0  0.11   0.7  15.0   22:18   SSW
19  54.0  64.1   14:09  42.2   23:46  11.0   0.0  0.39   3.4  22.0   16:08   SSW
20  36.9  42.3   00:00  34.1   22:26  28.1   0.0  0.00   2.2  13.0   00:06   SSW
21  35.4  43.9   16:38  31.6   22:47  29.6   0.0  0.00   0.2   8.0   13:05   SSW
22  35.4  38.6   14:43  32.1   00:22  29.6   0.0  0.28   0.4   6.0   21:30   SSW
23  33.7  39.0   13:06  25.4   23:28  31.3   0.0  0.01   1.4  11.0   13:10   SSW
24  36.2  48.3   14:20  23.3   08:04  28.8   0.0  0.01   0.3   7.0   22:32   SSW
25  40.3  51.9   11:09  35.9   20:54  24.7   0.0  0.18   2.6  19.0   11:55   SSW
26  33.1  36.3   00:00  30.6   23:00  31.9   0.0  0.01   2.1  13.0   15:04   SSW
27  36.9  49.8   16:36  22.8   05:53  28.1   0.0  0.00   2.2  13.0   12:38   SSW
28  47.3  58.3   14:41  36.0   06:37  17.7   0.0  0.00   1.7  11.0   13:45   SSW
----------------------------------------------------------------------------------
    42.2  64.1    17    20.6    15   637.3   0.0  6.64   1.3  22.0    19     SSW

Max >=  90.0  0
Max <=  32.0  0
Min <=  32.0 14
Min <=   0.0  0
Max Rain: 4.56 on day 3
Days of Rain: 6 (>= 0.20 in)  1 (>= 2.00 in)  0 (>= 20.00 in)
Heat Base: 65.0  Cool Base: 65.0  Method: Integration