NOAA-Style Climate Reports


Report for 2022
                   Annual Climatological Summary for 2022

Name: The Farm   City: Fairfield   State: KY
Elevation: 716 ft  Lat: N 37° 56' 01"   Lon: W 085° 23' 17"

                  Temperature (°F), Heat Base: 65.0  Cool Base: 65.0
                          Dep.  Heat  Cool                       Max  Max  Min  Min
        Mean  Mean        From  Deg   Deg                        >=   <=   <=   <=
 YR MO  Max   Min   Mean  Norm  Days  Days  Hi  Date  Low  Date 90.0 32.0 32.0   0.0
------------------------------------------------------------------------------------
 22  1  39.5  19.3  29.9  -5.0  1089     0  62.5   1  -6.2   29    0    8   30    1
 22  2  49.5  27.1  37.6  -0.8   767     0  69.4  21  12.9    5    0    2   22    0
 22  3  60.8  36.0  48.4   0.2   535    22  81.1  30  16.8   13    0    1    9    0
 22  4  65.3  43.5  54.5  -4.4   360    45  86.8  23  27.1   10    0    0    3    0
 22  5  79.2  57.5  68.0   0.0    78   169  92.0  11  45.0    2    1    0    0    0
 22  6  86.7  62.5  74.8  -1.1    29   324  97.8  22  51.6   29    9    0    0    0
 22  7  88.2  68.5  78.0  -0.7     2   404  98.1   6  60.7   15   12    0    0    0
 22  8  86.1  65.3  74.8  -3.6    12   315  94.5  28  55.7   13    8    0    0    0
 22  9  79.3  56.8  67.5  -4.2    91   167  94.5  21  35.4   28    2    0    0    0
 22 10  73.7  46.3  60.1   0.3     7     2  73.7   1  46.3    1    0    0    0    0
 22 11
 22 12
------------------------------------------------------------------------------------
        70.7  48.7  59.4  -1.9  2970  1449  98.1 Jul  -6.2  Jan   32   11   64    1

                                Precipitation (in)

              Dep.   Max        Days of Rain
              From   Obs.           >=
 YR MO Total  Norm   Day Date 0.20 2.0020.00
---------------------------------------------
 22  1  4.53  1.22  1.86   1     4    0    0
 22  2  6.83  3.03  2.70  17     5    1    0
 22  3  3.19 -1.26  1.58   6     2    0    0
 22  4  3.81 -1.52  1.01   6     5    0    0
 22  5  3.57 -1.88  0.68  26     8    0    0
 22  6  3.63 -0.54  1.18  26     5    0    0
 22  7  9.02  4.85  2.64  26     9    2    0
 22  8  4.25  0.47  1.30   9     6    0    0
 22  9  2.03 -2.09  0.98   3     2    0    0
 22 10  0.00 -4.30  0.00   0     0    0    0
---------------------------------------------
       40.86 -2.02  2.70  Feb   46    3    0

                                Wind Speed (mph)
                          Dom
 YR MO   Avg.  Hi   Date  Dir
------------------------------
 22  1   0.5  15.0    5   SSW
 22  2   0.8  24.0   17   SSW
 22  3   0.9  22.0    7   SSW
 22  4   0.5  18.0   13   SSW
 22  5   0.2  25.0   25   SSW
 22  6   0.2  14.0   30   SSW
 22  7   0.1  15.0    6   SSW
 22  8   0.1  12.0    6   SSW
 22  9   0.2  17.0   25   SSW
 22 10   0.6  10.0    1   SSW
 22 11
 22 12
------------------------------
         0.4  25.0  May   SSW